*o - 5 + 2*o + 2*o**2. Calculate j(z).
3
Let y(r) = -6*r**3 + r. Suppose 3*p - 3 = -6. What is y(p)?
5
Let y(i) = -i**2 - 6*i + 10. Let b(r) = -2*r + 1. Let w be b(4). Calculate y(w).
3
Let l(x) = 4*x + 4. Let k(y) = 23*y + 23. Let m(a) = 6*k(a) - 34*l(a). Calculate m(2).
6
Let v(o) be the second derivative of -o**3/6 + 4*o. Calculate v(-6).
6
Let m(q) = -4*q**2 + q + 2. Let i(x) = -16*x**2 + 5*x + 9. Let u(n) = 2*i(n) - 9*m(n). Let s be u(-1). Let l(f) = f - 3. Give l(s).
0
Let p = -1 - -1. Let w(o) be the third derivative of o**7/2520 - o**5/60 - o**4/24 - 3*o**2. Let j(i) be the second derivative of w(i). Calculate j(p).
-2
Let i(j) = 2 + 7*j + j - 4*j. Let m(k) = 6*k**3 + 2*k**2 + 3*k - 5. Let d(c) = c**3 + c**2 - 1. Let o(y) = -5*d(y) + m(y). Let a be o(2). Give i(a).
10
Let c(s) = s**2 + 3*s. Let b(v) = -v. Let u(n) = 2*b(n) + c(n). Let p be -1 + (-1)/1*-3. Let i be -1*p/(-2)*0. What is u(i)?
0
Let n be ((-1)/3)/(2/(-126)). Let q = -25 + n. Let k(o) = o**3 + 3*o**2 - 3*o - 4. What is k(q)?
-8
Suppose 7 = -5*c - 3. Let t(k) = -2*k**2 - 1. Let o(d) = -d + 1. Let m(h) = -2*h + 2. Let s(q) = 2*m(q) - 3*o(q). Let b(w) = 2*s(w) + t(w). Determine b(c).
-3
Let l(z) = -3*z**2 - 1. Let s be l(1). Let w = -9 - s. Let b(a) = -a**3 - 6*a**2 - 3*a + 3. Determine b(w).
-7
Let o = -28 + 23. Let x(y) = -13*y. Let k(a) = -3*a. Let p(v) = 9*k(v) - 2*x(v). Calculate p(o).
5
Suppose p + 1 = -s, 3*s - 4*p + p - 15 = 0. Suppose -5*j + 6 = -3*l, l - s*j + 2 = -0. Let z(q) = 4*q + 3 - 1 - 2. Calculate z(l).
-8
Let l(h) = -2*h**3 + 19*h**2 - 16*h + 15. Let a(x) = x**3 - 9*x**2 + 8*x - 7. Let r(n) = 5*a(n) + 2*l(n). Suppose 5*f - 10*f = -30. What is r(f)?
7
Let x(c) = -4 + c - 2 - 3 + 5. Suppose 3*q - 10 = -1. Calculate x(q).
-1
Let t(x) = -75 + 29 + 2*x - 8*x. Let g(r) = r + 9. Let z(o) = 16*g(o) + 3*t(o). What is z(4)?
-2
Let j(u) = u**3 - u. Let o(f) = 4*f - 4*f - 2*f**2 + f + 5*f**2 + f**3 - 2. Let i be o(-2). Give j(i).
0
Let g(u) = u + 4. Let l(h) = h + 1. Let s(j) = -2*g(j) + 6*l(j). Calculate s(2).
6
Let g(j) = 5*j + 1. Let i(q) = 4*q + 1. Let d(u) = -3*g(u) + 4*i(u). Suppose -5*f - 30 = p, 4*f + 3*p = p - 24. Give d(f).
-5
Let u(d) = d**3 + 4. Let t be u(0). Suppose -t*i - 21 = n, -5*i = -n - 3*n. Let h(z) = -43 + z - 40 + 77. Determine h(n).
-11
Let w(o) = 4*o - 13. Let s(z) = -z + 3. Let a = 15 - 13. Let b(i) = a*w(i) + 9*s(i). Give b(0).
1
Let x(f) = f**3 + 6*f**2 + 4*f - 5. Let h(l) = 3*l + 4. Let m be h(-3). What is x(m)?
0
Let b be 0*(-3)/6*2. Let q(h) be the second derivative of h**5/60 + 5*h**3/6 + h**2 + 3*h. Let v(n) be the first derivative of q(n). Calculate v(b).
5
Let i be (-22)/(-4)*(-6)/(-3). Suppose 2*c = 3 - i. Let s(f) = -f**2 - 3*f - 3. Determine s(c).
-7
Let m(z) = -z - 8. Let q(j) = -6*j**2 + 5*j + 3. Let t be q(-1). Determine m(t).
0
Let s(i) = 1 + 0*i**2 - 4 + 2 - 5*i**2 - 2*i. Suppose 2 - 6 = 4*v. Calculate s(v).
-4
Let i = 9 - -3. Let q(n) = i*n - 2*n - 2*n. Determine q(-1).
-8
Let q(r) = 17 + 17*r**2 + 3 - 18*r**2 + 0. Calculate q(0).
20
Let d(m) = m**2 + 2*m - 3. Let h be (-4)/(-10) + (-414)/(-15). Suppose 3*u = -2*x + 8 + 1, x = 5*u - h. Calculate d(x).
0
Let l(b) be the first derivative of -b**4/4 + 5*b**3/3 + 5*b**2/2 + 26. What is l(6)?
-6
Suppose 3*l + 0*l - 15 = 0. Let r(v) = -v**2 + 3*v - 3. Let h(z) = -2*z**2 + 5*z - 6. Let k(a) = 3*h(a) - 7*r(a). What is k(l)?
-2
Suppose k + 4*k = -5. Let s = -5 - k. Let z = -2 - s. Let l(b) = 2*b - 2. Determine l(z).
2
Let k be (-58)/(-18) - 4/18. Let q(a) = -2*a - 2. Give q(k).
-8
Let i(c) be the first derivative of c**4/24 + c**3/6 + c**2/2 + 2. Let l(t) be the second derivative of i(t). Let k(r) = -r + 8. Let n be k(5). Calculate l(n).
4
Let d(b) = b**3 - 4*b**2 - 7*b + 4. Suppose 8 = -2*c, -22 + 5 = -x + 3*c. Calculate d(x).
-6
Let q(w) = -w - 4. Let x = 0 + 2. Suppose -3*s = -5*k + 1, 0 = 2*k - 2*s - 0 + x. Suppose k*v = -v. Determine q(v).
-4
Let q(j) = -j. Let o(g) = 5*g - 3. Let i(a) = o(a) + 3*q(a). Give i(5).
7
Let i(c) = 5*c - 1. Let b be i(2). Suppose 0 = 2*j - 5*a + b, j - 2*a + 4 = -1. Let q(g) = -g**3 - 6*g**2 + 7*g + 2. Give q(j).
2
Let q(w) = -3*w**2 + w - 1. Let d be (3 - 1)*3/2. Let x = d - 0. Let c be 2/(-3)*x/(-2). Determine q(c).
-3
Suppose 3*w - 21 = w + 3*t, 5*t + 28 = w. Let j(a) = a**3 - 4*a**2 + 2*a + 2. Let h be j(w). Let o(g) be the third derivative of g**4/4 - g**2. Calculate o(h).
-6
Suppose 4*w - 8 = 4. Let q(n) = -5*n**2 + 3*n**w - 5 + 0*n**3 - 2*n**3 + 3*n - n. Let o(f) = -4*f - 3. Let k be o(-2). What is q(k)?
5
Let x be (28 + -6)*(0 - 2/(-4)). Let f(u) = u**3 - 12*u**2 + 11*u - 1. What is f(x)?
-1
Let l(s) = s**2 - 4*s. Let r(b) = 3*b - 12 - b + 0*b. Let i be r(8). What is l(i)?
0
Let r(d) = -d - 2. Let b(v) = -v**3 - 5*v**2 - 3*v + 4. Let w be b(-4). Determine r(w).
-2
Let u be 9/(36/(-8)) - 2. Let w(k) = -k - 8. Let p(j) = -1. Let x(h) = -14*p(h) + 2*w(h). Calculate x(u).
6
Let y(p) = -7 + p**2 + 2 + 5 - 2 + 3*p. Calculate y(-6).
16
Suppose 0 = 2*w + 2*i + 6, -4*i = -2*w - i + 14. Let y = w - -2. Let g be y*(2/(-6))/1. Let m(d) = -7*d**2 - d - 1. Give m(g).
-7
Let g(d) = d**2 - d. Let p(u) = -4*u**2 + 5*u + 1. Let w(t) = -5*g(t) - p(t). Give w(2).
-5
Let b(i) = -i**3 + 4*i**2 - i + 4. Let z be 2 - -1*(-6)/(-3). Suppose t - z + 0 = 0. Give b(t).
0
Let r(f) = f**3 - f**2 + f - 2. Let i(w) = -w**3 - 17*w**2 - 15*w + 16. Let v be i(-16). Calculate r(v).
-2
Suppose w = 3*m + 5, -4 = -2*w - m - 1. Let l(z) = 4*z - 9. Let n(y) = -4*y + 10. Let a(v) = -7*l(v) - 6*n(v). Determine a(w).
-5
Let z be 4/18 + (-56)/9. Let d(u) = u**3 - 3*u**2 + 5*u - 6. Let v(t) = 3*t**3 - 5*t**2 + 10*t - 11. Let o(m) = 5*d(m) - 2*v(m). Calculate o(z).
-2
Suppose 6*c = c + 20. Let p(i) = 2 - c - 1 - 2*i. Let t be (-13)/7 + (-2)/14. Determine p(t).
1
Let y(t) be the third derivative of t**4/24 + t**3/3 + 2*t**2. Let d(s) = s**3 + 6*s**2 - s - 7. Let c be d(-6). Let u = c + -2. Give y(u).
-1
Let b(a) = -2*a - 4. Let j = -1 - -1. Let r = -5 - -7. Suppose r*k + 8 = -j*k. What is b(k)?
4
Let n(d) = d**2 + 3*d - 5. Let c(x) = x**2 + 3*x - 4. Let l(w) = 5*c(w) - 4*n(w). Calculate l(-4).
4
Let o(f) = -2*f + 429 + 3*f - 421. Suppose -5*c + 12 = 3*m, 2*m - 8 = 2*c - 0*c. Determine o(c).
8
Let o(g) = g**2 + 14*g + 5 - g + 3*g**3 - 14. Suppose -4*n - 4*n = 24. Let y(s) = 2*s**3 + 7*s - 5. Let k(i) = n*o(i) + 5*y(i). Calculate k(4).
2
Let g be (0 + 1)*(-2 + 3). Suppose -4 = -5*t + g. Let x(w) = 4*w**3 - 1. Determine x(t).
3
Let g(p) = 2*p + 1. Suppose -6 = -5*h - 1, -3*z - 9 = 3*h. Determine g(z).
-7
Let u(x) = 2*x - 2. Let f(w) = w**2 + 2*w - 3. Let b be f(-5). Suppose 0 = 2*a - 3*a - 20. Let k be (-18)/(-5) + b/a. Calculate u(k).
4
Suppose 9 = 5*h - 3*g, 13 = -5*h - 3*g + 4. Suppose h = -0*a + 4*a. Let f(z) = z**3 + z**2 + z + 6. Calculate f(a).
6
Let b(x) = 2*x - 2. Suppose -4*q - 16 = 0, -21 = 4*t + t - q. Calculate b(t).
-12
Let i(l) = 3*l + 0*l + 0*l. Calculate i(-2).
-6
Let i(o) = o**2 - o - 5. Let m be (-118)/(-8) + 3/12. Let v = m - 10. Suppose v = c + 1. Calculate i(c).
7
Let z be -2 + 8 - (-2 - -6). Let m(p) = -3*p**3 + 2*p**2 + 2*p - 1. Calculate m(z).
-13
Let q be 0 + (-5 + 2)*-1. Let x(g) = g + g + 3*g + g**2 + g**2 - q. Suppose -4*f + 5*p = p + 20, 2*f = -2*p - 6. Calculate x(f).
9
Suppose -j = 2*a + 6, -2*j + 4*a = -6 - 14. Suppose o + 5 = -j*x, -5*o - x = -0*x - 20. Let v(t) = -3*t - 1 + 2 - 4*t + t**2. What is v(o)?
-9
Let h(a) be the first derivative of a**2/2 - 2*a + 1. Suppose 0*x = -4*x - 8. What is h(x)?
-4
Let s(u) be the third derivative of -u**4/24 + u**3/6 + 2*u**2. Suppose -8*k = -3*k - 10. Calculate s(k).
-1
Let v = 2 + 0. Let y(r) = r**2 - 3*r + 3. Give y(v).
1
Let w(p) be the first derivative of 1/3*p**3 - p**2 + 1 - 3*p. What is w(3)?
0
Suppose 3*h - 3*d - 18 = 0, 3*d - 18 = -h - 2*d. Let r(t) = -t**2 + 12*t - 9. Give r(h).
23
Let i(g) = -2*g**3 - 3*g**2 + 2. Let p(s) = s**2 - 10*s + 4. Let k be p(10). Suppose v + 0*y = -k*y - 10, v = y. What is i(v)?
6
Suppose 0*h + 4*h - 39 = l, 1 = l. Let t = -16 + h. Let y(n) = -n - 1. Determine y(t).
5
Let h(k) = -k + 1. Let z be (-16)/(-20)*((-15)/(-3))/1. What is h(z)?
-3
Let r be (4 + -24)*2/(-4). Suppose 5*g + r = -0. Let v(u) be the first derivative of -2*u**3/3 + u**2/2 + 2*u + 1. What is v(g)?
-8
Let g(t) = -t